Suppose 20 = c + 3*q, -c - 5*q - 3 + 33 = 0. Let u = -2 + 1. Let m = u - -10. Calculate the remainder when m is divided by c.
4
Let l(x) = -6*x + 3. Suppose -3*s + 8 = s. Let c be l(s). Let h = c + 18. What is the remainder when h is divided by 5?
4
What is the remainder when 3 is divided by 24/(-30) - (-9)/5?
0
Suppose -3*x + 48 = -0. Let y(f) = f**2 - 3*f + 2. Let w be y(2). What is the remainder when x is divided by 6 - 1/2*w?
4
Let a = 22 + -1. What is the remainder when a is divided by (-1 - 1)/(-2)*8?
5
Let b(s) = 37*s**2 - 1. Let m be b(1). Let a = m + -22. What is the remainder when 53 is divided by a?
11
Let k be ((-72)/(-10))/(12/(-90)). Calculate the remainder when 9 is divided by (2/(-6))/(3/k).
3
Let g = 66 + -23. What is the remainder when g is divided by 11?
10
Let d = 22 - 5. What is the remainder when 65 is divided by d?
14
Suppose 0 = -3*q + q + 8. Suppose 0 = 8*m - q*m - 68. Calculate the remainder when 33 is divided by m.
16
Let s be (-60)/(-14) + 2/(-7). Suppose 0 = 2*q - s*y - 6, y - 63 = -5*q - y. Calculate the remainder when q is divided by 3 - 5 - 6*-1.
3
Suppose -u = -2*s - 2*s + 100, -u = -4. Let z = -36 + s. Calculate the remainder when z/(5/3 + -2) is divided by 16.
14
Let z(h) = -1 + 6*h + 1. Suppose 4*i + 70 = 134. What is the remainder when z(5) is divided by i?
14
Let d = 1 + 1. Let x = 13 - d. Calculate the remainder when ((-14)/21)/(1/(-48)) is divided by x.
10
Let x = -21 + 1. Let v = 73 + x. Let q = 50 + -32. What is the remainder when v is divided by q?
17
Let n = -2 + 9. Let x = 13 - n. Calculate the remainder when 17 is divided by x.
5
Calculate the remainder when 49 is divided by (-1)/(-4) + 255/20.
10
Let a = 3 - 6. Let r(m) = -m**3 - 18*m**2 + 41*m + 24. What is the remainder when r(-20) is divided by (a/(-3))/((-1)/(-3))?
1
Suppose 5*l - l + 948 = -3*s, -3*l - 718 = 4*s. Calculate the remainder when l/21*(-1 + -6) is divided by 20.
18
Let p = 4 + -4. Let o(x) = x + p + x**2 - 3*x - 4*x + 3. What is the remainder when 19 is divided by o(7)?
9
Let h be 1 - 1 - (3 - 5). What is the remainder when (5 - 3) + 26/h is divided by 8?
7
Let c(s) = -2 - 2*s - 4*s - 3*s. Suppose -4*y + 5*p + 59 + 33 = 0, 2 = -y - 5*p. What is the remainder when c(-6) is divided by y?
16
Let v(s) be the first derivative of -s**2/2 + 3*s + 3. Calculate the remainder when 47 is divided by v(-9).
11
Let z = -48 + 13. What is the remainder when 19 is divided by (-340)/z - 2/(-7)?
9
Let k(y) = -6*y. Let j be k(-1). Suppose j = 2*a - 0. Suppose 0*f - 3*f = -a*x - 63, 0 = -2*f - 5*x + 7. Calculate the remainder when 31 is divided by f.
15
Let x(p) = 2*p + 9. Suppose 11 + 5 = 2*b. What is the remainder when x(7) is divided by b?
7
What is the remainder when 1/(1/39) + -56 + 60 is divided by 4?
3
Calculate the remainder when 28 is divided by 19 + (2 - 3)/(1 - 0).
10
Calculate the remainder when 46/6 - (-15)/45 is divided by 4/(-6) - 17/(-3).
3
Suppose 0 = -5*u + u - 28. Let q = u - -46. Let i = 25 - 5. Calculate the remainder when q is divided by i.
19
Suppose 0 = 6*d - 713 + 83. Calculate the remainder when d is divided by 53.
52
Suppose 4*c + 46 = 3*o, 3*c = 8*c + 5. Calculate the remainder when o is divided by 8.
6
Let x = 4 - 2. Let b = 28 - -19. Suppose -x*s + b = -41. Calculate the remainder when s is divided by 23.
21
Suppose n = -2*w + 29, -n = 4*n - 3*w - 119. Let s(l) = l**2 + 4*l - 8. Let j be s(-6). Suppose j*r - 39 = r. What is the remainder when n is divided by r?
12
Let o(g) = -g - 3. Let z be o(-9). Let l(r) = -4*r - 7*r**3 - 3 + 9*r**2 + 6*r**3 - z*r. Calculate the remainder when l(7) is divided by 7.
4
Let q(y) = -2*y + 2. Suppose -d + 0*d + 97 = 0. Suppose -p = 3*s - 65, 4*s + 4 = 5*p + d. Calculate the remainder when s is divided by q(-3).
6
Suppose -15*w + 5*w = -230. What is the remainder when 228 is divided by w?
21
Let n = 6 - 4. Suppose -9 = 2*l + 1, 0 = n*j + 5*l + 11. Suppose k - 3 - 16 = 0. Calculate the remainder when k is divided by j.
5
Suppose 3*m = w - 17, -w = 4*w + 3*m - 13. Calculate the remainder when (-2)/w - 157/(-5) is divided by 16.
15
What is the remainder when (0 + 50/8)*4 is divided by 14?
11
Let h(g) = g**2 + 6*g - 4. Let p be h(-7). Suppose o = p*o - 86. Suppose -4*q = -u - o, 5*q = 2*u + 32 + 21. What is the remainder when 32 is divided by q?
10
Suppose -23 = -3*c + 13. Let n(g) = -g**2 + 15*g + 17. What is the remainder when n(c) is divided by 14?
11
Let p = 33 - 12. What is the remainder when 83 is divided by p?
20
Suppose y - 2*m = 9, -2*m = -2*y - 6*m - 22. Let p = 3 + y. What is the remainder when p is divided by 1?
0
Suppose -2*l + 7 = -17. What is the remainder when l is divided by (5/3)/(2/6)?
2
Suppose -m + 35 = 4*m. Calculate the remainder when 7/3*(m - -2) is divided by 11.
10
Let c be (1 - 1) + (4 - 4). Suppose c = -4*j + 104 + 48. Suppose 2*i + 3*v - 41 = 0, i = -5*v + 12 + 26. What is the remainder when j is divided by i?
12
Suppose -2*y + 4*o - 28 = 0, -o + 41 = -4*y + 2*o. Let b = y - -16. Calculate the remainder when 21 is divided by b.
5
Let a be -2*(-2)/4*-1. Let o(k) = -8*k**3 - 2*k**2 - k. Suppose -18 = -4*d - 2. Calculate the remainder when o(a) is divided by d.
3
Suppose 4*r + 2*c = 3*r + 2, -4*c - 4 = -2*r. What is the remainder when (70/15)/(r/3) is divided by (1 + 8)*(-1)/(-3)?
1
Let k(h) = -3*h + 98. What is the remainder when (-3)/((-6)/64) + 1 is divided by k(27)?
16
Let a(j) = 2*j**2 + j + 4. Let o(p) = p**2 - p - 1. Let w(t) = a(t) - 3*o(t). Let s be w(8). Let d = 40 + s. What is the remainder when d is divided by 8?
7
Let s be (-57)/(-9) - 1/3. Let a(d) = 4*d + 4. Let j be a(s). Suppose -3*q + 2 = -j. Calculate the remainder when 29 is divided by q.
9
Suppose 0 = -3*k + 18. Suppose 2*a - k = -3*j - 0*j, -a + 17 = -2*j. Let d(w) = w**2 - 6*w. What is the remainder when d(8) is divided by a?
7
Let x(f) = -f**3 - f + 2. Calculate the remainder when 7 is divided by x(0).
1
Suppose 4*l = -0*l + 32. Calculate the remainder when 38 is divided by l.
6
Let q(u) = -u**3 - u**2 - 1. Let n(p) = 4*p**3 + 5*p**2 + 7. Let i(y) = -n(y) - 3*q(y). What is the remainder when 9 is divided by i(-3)?
4
Let i be (-2 - -1)/(-1 - -2). What is the remainder when 0 - 0 - (-11 - 0) is divided by (1 + 2 + -9)*i?
5
Let g = -16 - -25. What is the remainder when g is divided by 5?
4
Let z(l) be the first derivative of -l**2 - 14*l + 1. What is the remainder when z(-11) is divided by 5?
3
Suppose 4*f - 265 = -53. Calculate the remainder when f is divided by 11.
9
Let p(i) = i + 29. Calculate the remainder when p(-13) is divided by 11.
5
Let d(s) = -7*s + 11. Calculate the remainder when d(-6) is divided by 18.
17
Suppose -116 = -5*r - 0*z - 3*z, r - 31 = 2*z. What is the remainder when 49 is divided by r?
24
Let c = -32 + 58. Calculate the remainder when 77 is divided by c.
25
Let t be (-37)/(-7) - (-4)/(-14). Suppose t*p + 0*p - 25 = 0. Suppose -o + 5*s - 6 = 0, 2*s - 8 = -0*s. Calculate the remainder when o is divided by p.
4
Let g be (-7 + -1 + 3)/1. Let y(z) = -333*z + 3. Let i be y(g). What is the remainder when 2/7 - i/(-42) is divided by 14?
12
Let u be 1 + 2 + -5 - -1. Let p be 11*u/(-2)*2. Let v(d) = -d**3 + 10*d**2 + 14*d. Calculate the remainder when v(p) is divided by 9.
6
Let g(c) = -2*c + 3. Let d be (-5)/1*(-9)/(-15). Calculate the remainder when 26 is divided by g(d).
8
What is the remainder when 33 is divided by (5 - (4 - 1))*4 - -1?
6
Let v = -6 + 18. Let l(f) = 47*f**2 + 2*f. Let n be l(-2). Suppose -h - 3*h + n = 0. What is the remainder when h is divided by v?
10
Let n(m) = -9*m + 2. Suppose 2*u - 8 = -3*b, 3 = -3*u - 12. What is the remainder when n(-5) is divided by (16/6)/(1/b)?
15
Let m(l) be the second derivative of -1/2*l**2 - 3*l + 7/2*l**3 + 0. What is the remainder when 58 is divided by m(1)?
18
Let q(f) = -5*f**2 - 3*f + 2. Let m(u) = -u**2. Let z(g) = -6*m(g) + q(g). Calculate the remainder when z(8) is divided by (-12)/(-9)*99/6.
20
Calculate the remainder when 142 is divided by 5/10*-4*49/(-2).
44
Suppose s = -4*v + 36, -8 = 3*v - 5*s - 35. What is the remainder when 70/(-1 + 1 - -2) is divided by v?
8
Let u(x) = -4 - 3 - x + 2*x. Let f be u(5). Calculate the remainder when 24 is divided by (39/(-6))/(f/4).
11
Suppose q - 4 - 2 = 3*x, 3*q - 7 = -2*x. Let 